 1652 and 14716842.
826
Calculate the highest common factor of 5904 and 366252016.
656
What is the highest common divisor of 15018977 and 46?
23
What is the greatest common factor of 7267 and 4534049?
559
Calculate the highest common factor of 177 and 550092813.
177
What is the greatest common factor of 33334686 and 18711?
2079
Calculate the highest common factor of 57730388 and 1616.
404
What is the greatest common factor of 45 and 24931560?
15
Calculate the highest common divisor of 451 and 97049993.
41
Calculate the highest common divisor of 36 and 1449164496.
12
What is the greatest common factor of 17 and 69908947?
17
Calculate the greatest common factor of 935 and 83266051.
187
What is the highest common divisor of 251568 and 91224?
72
What is the greatest common divisor of 1472 and 397851424?
736
Calculate the highest common factor of 361 and 2202043.
19
What is the highest common divisor of 680 and 260486410?
170
Calculate the greatest common divisor of 2839 and 5167147.
167
What is the greatest common divisor of 836 and 30038734?
418
What is the highest common divisor of 1288 and 4579208?
184
What is the highest common divisor of 1190 and 3213?
119
Calculate the greatest common divisor of 7930 and 111302308.
1586
What is the highest common divisor of 32916267 and 357?
51
Calculate the greatest common divisor of 11103192 and 648.
72
Calculate the greatest common factor of 44 and 74267545.
11
Calculate the greatest common divisor of 327325 and 201750.
25
Calculate the greatest common divisor of 105228 and 517292.
316
What is the greatest common factor of 3708825 and 375?
75
What is the greatest common factor of 10008945 and 873?
873
What is the highest common factor of 18500 and 68857?
37
Calculate the highest common factor of 1709894 and 17.
17
What is the highest common divisor of 1225 and 18694150?
25
What is the greatest common factor of 13270438 and 391?
17
Calculate the greatest common factor of 391 and 6692747.
391
What is the greatest common factor of 303567799 and 219?
73
Calculate the highest common divisor of 26 and 189835516.
26
What is the greatest common factor of 395 and 5838969?
79
What is the greatest common factor of 9240 and 155904?
168
Calculate the highest common factor of 6215 and 33114763.
1243
What is the highest common factor of 12166938 and 79150?
3166
What is the greatest common factor of 778101 and 61098?
1797
Calculate the greatest common factor of 1812 and 2982703.
151
Calculate the greatest common divisor of 232263 and 543519.
1179
What is the highest common factor of 18933123 and 1046?
523
What is the highest common divisor of 2556 and 984015696?
852
Calculate the highest common divisor of 3551 and 40267.
67
Calculate the greatest common factor of 790 and 884257586.
158
What is the greatest common divisor of 44639572 and 3336?
556
What is the greatest common factor of 2098250 and 1418090?
1090
What is the greatest common factor of 8 and 5875052?
4
What is the highest common factor of 407038229 and 24895?
4979
What is the greatest common factor of 4148 and 14256472?
68
Calculate the greatest common factor of 729 and 2312703.
9
Calculate the greatest common factor of 88919205 and 56095.
4315
What is the highest common divisor of 34904145 and 306?
51
Calculate the greatest common divisor of 13498 and 3264068.
34
Calculate the greatest common factor of 540885196 and 181.
181
Calculate the greatest common factor of 44736423 and 27.
3
What is the greatest common divisor of 107592 and 7584?
24
What is the highest common divisor of 1302 and 2468172?
42
Calculate the highest common divisor of 48991158 and 108.
18
What is the greatest common divisor of 14 and 77357231?
7
What is the highest common divisor of 190168890 and 30?
30
What is the highest common factor of 10212188 and 28?
28
Calculate the highest common factor of 595392 and 434.
14
Calculate the highest common factor of 3726300 and 12900.
300
What is the greatest common divisor of 7072 and 506896?
208
Calculate the highest common factor of 9276432 and 198.
66
What is the greatest common factor of 291556352 and 1024?
1024
Calculate the highest common divisor of 18176 and 94004.
284
Calculate the greatest common factor of 60 and 3971935.
5
Calculate the greatest common divisor of 171660 and 135348188.
11444
Calculate the greatest common divisor of 17238 and 105794.
338
Calculate the highest common divisor of 8 and 279486136.
8
What is the greatest common divisor of 1527 and 5703?
3
Calculate the highest common divisor of 171825 and 23107200.
2175
What is the greatest common factor of 80614898 and 104?
26
Calculate the greatest common factor of 1247 and 12782156.
29
What is the greatest common factor of 804 and 30905492?
268
Calculate the highest common factor of 93 and 99021843.
93
Calculate the greatest common factor of 29 and 93736613.
29
Calculate the greatest common divisor of 768774 and 102.
102
Calculate the greatest common divisor of 127413033 and 59224.
7403
Calculate the greatest common factor of 152 and 180030472.
152
What is the greatest common divisor of 12488 and 76762?
14
What is the highest common divisor of 646 and 26391038?
646
Calculate the greatest common factor of 276596040 and 312.
24
Calculate the highest common factor of 20619354 and 420.
42
What is the greatest common factor of 724018 and 1169914?
1126
Calculate the greatest common divisor of 197047 and 4090931.
2941
What is the highest common divisor of 75655085 and 55?
55
What is the highest common factor of 11044 and 1342097?
251
What is the highest common divisor of 54270 and 44874?
162
What is the highest common divisor of 3336 and 5346496?
1112
Calculate the greatest common factor of 33308 and 103366836.
3028
What is the greatest common divisor of 6 and 6488710?
2
Calculate the greatest common divisor of 58336 and 306304.
32
What is the highest common divisor of 688153 and 566890?
83
What is the highest common divisor of 2006440 and 7313?
103
What is the greatest common factor of 28748358 and 648?
162
Calculate the greatest common divisor of 100654774 and 44.
22
What is the greatest common factor of 111 and 13869746?
37
Calculate the greatest common factor of 12078 and 4987356.
66
What is the greatest common factor of 36959926 and 52146?
5794
Calculate the greatest common divisor of 27974521 and 1315.
263
What is the highest common factor of 165 and 8472135?
15
What is the greatest common divisor of 3666563 and 57?
19
What is the greatest common factor of 10226078 and 164662?
5678
What is the highest common divisor of 6 and 16389027?
3
Calculate the greatest common factor of 874 and 6669038.
38
What is the greatest common divisor of 1058294 and 8472?
706
What is the highest common factor of 717143 and 8374?
53
What is the greatest common factor of 12 and 9474096?
12
Calculate the highest common factor of 1009485874 and 2516.
1258
What is the greatest common divisor of 95 and 562535451?
19
Calculate the highest common factor of 1004 and 18519282.
502
What is the greatest common divisor of 3729 and 199606?
11
What is the greatest common factor of 1510 and 7763363?
151
Calculate the greatest common divisor of 13216 and 137312.
224
Calculate the highest common factor of 454222625 and 125.
125
What is the highest common divisor of 28968 and 13538919?
3621
What is the greatest common divisor of 25285 and 715845?
65
What is the greatest common divisor of 10454129 and 7?
7
Calculate the greatest common divisor of 1245047 and 656.
41
What is the highest common factor of 2009 and 15296649?
41
Calculate the highest common divisor of 7004582 and 74906.
1742
Calculate the highest common factor of 2091216 and 646608.
912
Calculate the highest common factor of 39248979 and 77.
77
Calculate the greatest common divisor of 3330052 and 132.
44
What is the greatest common divisor of 63342 and 310454?
782
What is the highest common divisor of 482 and 3651844562?
482
What is the highest common divisor of 8512 and 7344944?
304
What is the greatest common divisor of 560400 and 54525?
75
Calculate the highest common divisor of 1671793 and 721.
103
What is the greatest common factor of 9730905 and 1349?
71
Calculate the highest common divisor of 25228 and 30702.
238
Calculate the greatest common fa